test common factor of p and 30?
10
Suppose 22 = 4*q + 2*u, 4*q + u + 2 - 23 = 0. Suppose q*p - 56 = p. What is the greatest common divisor of p and 70?
14
Suppose i + 3 = 7. Let p be (2/(-4))/((-2)/i). Calculate the highest common factor of 4 and p.
1
Let a = 44 - 20. Calculate the greatest common divisor of 60 and a.
12
Let a(n) = 2*n**2 - 3*n - 2. Let u be a(3). Calculate the highest common divisor of 7 and u.
7
Suppose -3*q + 515 + 97 = 0. Calculate the highest common divisor of 24 and q.
12
Suppose 604 = 3*q - 5*d, -2*q + 3*d - d + 400 = 0. Calculate the highest common divisor of 18 and q.
18
Suppose -j + 3 = 2*j. Suppose 5*u + 25 = -5*d, 5*d + 2*u = 4*d - 7. Let p = d - -6. Calculate the greatest common factor of p and j.
1
Let p be 156 + -1 + 3/(-1). Calculate the greatest common divisor of p and 19.
19
Let z be (-54)/(-4) - (-12)/8. Suppose -w + z = -40. Calculate the highest common divisor of w and 5.
5
Suppose 229 = 5*i + 2*x, -5*i = 4*x - 303 + 70. Suppose -3*b + 330 = 2*b. Suppose -b + 21 = -3*v. What is the greatest common divisor of i and v?
15
Let y(s) = 7*s + 2. Let n be y(-4). Let j = -12 - n. Let i be 7/(1/44*2). Calculate the highest common divisor of i and j.
14
Let g(d) = -d + 1. Suppose -3*z = 6 + 15. Let x be g(z). Calculate the greatest common factor of 40 and x.
8
Suppose 3*n + 426 = 4*q - 204, 4*q + 3*n - 618 = 0. Suppose 2*s = -2*s - q. Let p be s/(-6) + 1/2. Calculate the greatest common divisor of p and 56.
7
Suppose -11*l + 4*l + 84 = 0. Suppose 2*f - 207 = 3*u, -6*f - 2*u + 470 = -f. Calculate the greatest common divisor of l and f.
12
Let l be (6/3)/((-2)/3). Let j be 1/(((-3)/l)/(-108)). Let y = -52 - j. What is the greatest common factor of y and 8?
8
Let f(o) = o - 9 + 6 - 3. Suppose 16 + 10 = 4*h - 2*p, 0 = -5*h + 5*p + 25. Let d be f(h). What is the highest common factor of d and 22?
2
Let o(s) = -s - 8. Let x be o(-8). Suppose -4*r - 20 = 0, x = 3*p + r + 2*r - 9. Calculate the highest common divisor of 32 and p.
8
Suppose 0*j = -4*j. Let u(l) = -9*l + 0*l**2 - l**2 - 3 + j*l**2. Let h be u(-8). What is the greatest common factor of h and 10?
5
Let q(d) = 27*d + 6. Let o be q(2). Calculate the highest common divisor of 40 and o.
20
Suppose -m = -3*z + 28, 2*z + 0 = -5*m - 4. Let u be (-48)/(-9) + z/12. What is the highest common divisor of u and 54?
6
Suppose -39 = -13*y + 10*y. Calculate the greatest common factor of y and 26.
13
Let y = 1 + -1. Suppose k - 48 = -0*k. Suppose y = -2*i + i + k. What is the highest common factor of 6 and i?
6
Let k be ((-25)/5 + -3)/((-2)/4). Let g = -53 - -229. Calculate the greatest common factor of g and k.
16
Let w = -242 - -530. What is the greatest common divisor of 36 and w?
36
Let r = 3 - 2. Let b = 6 - 10. Let t be -4 - b - (-136)/r. Calculate the highest common divisor of t and 17.
17
Suppose -4 = 2*a - 2. Let b be (-30)/a*(12 - 11). Calculate the greatest common divisor of 45 and b.
15
Let r = -150 + 290. What is the highest common factor of r and 42?
14
Let p = 8 - 8. Suppose p*o = -2*o + 70. What is the greatest common factor of 7 and o?
7
Let a = 6 + -5. Let y = 5 - a. Suppose y*t = 8*t - 76. What is the highest common divisor of t and 152?
19
Let g = -24 - -98. Suppose -3*v + 34 = -g. What is the highest common divisor of v and 4?
4
Let w = -18 - -29. Calculate the highest common factor of 55 and w.
11
Suppose -g - i = -15, -3*i - 18 = -g - i. Suppose -5*f + f + g = 0. Calculate the highest common divisor of 28 and f.
4
Suppose -2*k + 2*j = 3*k - 654, 2*k = -4*j + 252. What is the greatest common factor of k and 52?
26
Let u(b) = b + 5. Let v be u(-4). Suppose -4*h + 3*h + v = 0. What is the highest common divisor of h and 4?
1
Let v = 20 - 12. Let l be -1 - -4 - 20/2. Let p = l - -8. Calculate the greatest common divisor of v and p.
1
Suppose 1 + 11 = 2*l. Let q(z) = 2*z**3 - 8*z**2 + 4*z - 4. Suppose 2*a - 9 = 1. Let f be q(a). What is the highest common divisor of l and f?
6
Let s(i) = 17*i + 1. Let f = -1 + 2. Let j be s(f). Let v be 4/(-2 + 38/j). What is the greatest common divisor of v and 9?
9
Let j be 2/4*0 - -84. Let s = -107 - -119. What is the greatest common factor of s and j?
12
Let d be ((-24)/15)/((-4)/10). Suppose -d*i = -0*i. Let x be (-11)/(i + 2 + -3). Calculate the greatest common factor of 121 and x.
11
Suppose -4*j = -2*j. Suppose 3*o = 5*d + 180, 2*d - 159 = -6*o + 3*o. Suppose k + j*k - o = 0. What is the highest common divisor of 5 and k?
5
Let w = 34 + -32. What is the highest common divisor of 4 and w?
2
Suppose 5*c - 50 = -9*t + 4*t, 4*t = -2*c + 24. Calculate the highest common divisor of 2 and c.
2
Let f(v) = -4*v - 2. Let z be f(4). Let m = -2 - z. What is the greatest common divisor of m and 16?
16
Suppose -4*j - 2 = -22. Suppose 4*q + 4 = -12, -j*q - 24 = -g. Suppose -3*t + 4*t + 5*y = 80, g*y = -5*t + 316. Calculate the highest common factor of 15 and t.
15
Let q(d) = d**2 + 13*d + 3. Let x be q(-13). Let i = x + 15. Calculate the highest common divisor of 6 and i.
6
Suppose -6*p = -761 + 101. What is the greatest common divisor of p and 10?
10
Suppose 3*x - 905 - 7 = 0. Let y be x/6 + 8/(-12). Calculate the greatest common divisor of 20 and y.
10
Let m = 7 - 3. Suppose -m*u + 144 = -56. Let j = -19 + 29. Calculate the greatest common factor of j and u.
10
Let o be (6 + 26)/(-4 + 5). What is the greatest common factor of o and 352?
32
Suppose -n = -2*i + 10, -i + 6*i = -n + 39. Let c be (-2)/1 - ((-3 - -10) + -10). Calculate the highest common divisor of c and i.
1
Let b be 4/(-16) + (-18)/(-8). Suppose -75 - 45 = -b*u. Calculate the greatest common factor of 24 and u.
12
Let j be (3 + -1)/2*(5 + 3). What is the highest common divisor of 20 and j?
4
Let g(p) = p + 3. Let j be g(-3). Suppose j = -2*d + d + 42. Calculate the highest common factor of d and 14.
14
Let f(u) = u**2. Let v(s) = -2*s + 1 + 5*s**2 + 0*s + 0*s. Let b(c) = 6*f(c) - v(c). Let n be b(-4). Calculate the greatest common factor of n and 56.
7
Let u be 4/6 + 8/6. Suppose -7*j + 205 = -u*j. Suppose 3*b = 4*t + j, 2*t = t - 2. Calculate the greatest common divisor of b and 44.
11
Suppose 0 = -2*c - y + 220, -y - 106 + 2 = -c. Calculate the greatest common divisor of 12 and c.
12
Suppose -i = 2*i - 2*b - 115, -2*i - b + 79 = 0. What is the greatest common factor of 13 and i?
13
Let u(z) be the third derivative of -z**5/60 - 7*z**4/24 + 3*z**3/2 - z**2. Let j = -14 + 7. Let x be u(j). Calculate the greatest common factor of x and 81.
9
Let u be (-246)/(-15) + 6/(-15). Let i = 10 - -6. Let y be (-4 + 31)*i/3. Calculate the highest common divisor of y and u.
16
Let b be (-864)/(-84) + (-2)/7. What is the highest common factor of 10 and b?
10
Let r(i) = 9*i**2 - 2*i - 1. Let d be r(3). Let z = d - 50. Calculate the highest common factor of z and 8.
8
Suppose -69*l + 176 = -58*l. Let b be -1 + -5*1*-1. Calculate the highest common divisor of l and b.
4
Let w(o) = 132*o**2 - 4*o - 4. Let b be w(-1). Calculate the greatest common factor of 12 and b.
12
Suppose 0 = -3*z + 165 + 231. Let h be 0 - (-2 - -1)*2. Let o be -1 + -2 + h - -13. Calculate the highest common divisor of o and z.
12
Suppose -t + 43 = -3*p - 2*p, 2*p + 136 = 4*t. Suppose z + 5 - t = 0. What is the highest common factor of z and 42?
14
Let w(x) be the first derivative of 2*x**3/3 - 2*x**2 - 2*x - 1. Let v be w(4). What is the highest common factor of 112 and v?
14
Let o(l) = l**2 + 2*l + 6. Let q be o(-6). Let b(c) = c + 20. Let j be b(0). What is the highest common factor of q and j?
10
Let r be (-3)/4 + (-4956)/(-16). Suppose 4*x + 57 - r = 0. What is the greatest common factor of 7 and x?
7
Let f be (3 - 1)*-2*(-185)/4. What is the highest common factor of 37 and f?
37
Let x(v) = v - 3. Let o be x(5). Let u be (-4)/(-20) - 39/(-5). Suppose d - 2*k + 3 = -3*k, 0 = 2*k + u. What is the highest common divisor of o and d?
1
Suppose -4*u = -8*u + 112. Calculate the highest common factor of u and 4.
4
Let p = 202 - 104. Calculate the highest common divisor of p and 14.
14
Let j = -35 + 41. Calculate the greatest common divisor of 18 and j.
6
Let i be (6/(-4))/((-16)/160). Calculate the greatest common factor of i and 9.
3
Suppose 2*p = -3*z + 237, 7*p + 4*z = 10*p - 313. Calculate the greatest commo